{"id":41,"date":"2018-03-30T01:33:20","date_gmt":"2018-03-29T23:33:20","guid":{"rendered":"https:\/\/www.famfront.mzw.fr\/?page_id=41"},"modified":"2021-01-19T09:07:07","modified_gmt":"2021-01-19T08:07:07","slug":"partir-pour-se-construire","status":"publish","type":"page","link":"https:\/\/www.famfront.mzw.fr\/?page_id=41","title":{"rendered":"Partir pour se construire."},"content":{"rendered":"\n<p>Voil\u00e0 un beau paradoxe. Enfin, ce qui para\u00eet \u00eatre un paradoxe; mais en fait cela n&rsquo;en est pas.<\/p>\n\n\n\n<p>La Bible nous offre multiple textes pour nous guider ; tout particuli\u00e8rement dans notre qu\u00eate de sens. Dans l&rsquo;Ancien Testament d\u00e9j\u00e0, dans la Gen\u00e8se, il est question de d\u00e9part (Gn 3, 23). Un d\u00e9part oblig\u00e9, o\u00f9 l&rsquo;homme et la femme (Adam et \u00c8ve) vont \u00eatre dans une situation de d\u00e9couverte d&rsquo;eux-m\u00eame, et seront amen\u00e9s \u00e0 tout construire.<br>No\u00e9, lui, avec ses enfants vont \u00eatre oblig\u00e9s de construire pour partir. mais durant leur p\u00e9riple, ils se sont construit autrement. Ils ont chang\u00e9. Et apr\u00e8s leur p\u00e9riple, ils doivent reconstruire, tout reconstruire.<br>L&rsquo;aventure qu&rsquo;Abram a v\u00e9cu n&rsquo;est pas banale. Dieu ne le chasse pas d&rsquo;o\u00f9 il se trouve, lui; mais Il lui demande de partir. Partir pour aller dans un ailleurs, pour une mission de construction l\u00e0 aussi. Il se retrouve face \u00e0 lui-m\u00eame et face aux autres. Il doit tout reconsid\u00e9rer pour mieux ma\u00eetriser les situations qu&rsquo;il vit. Il devient un tout autre. Il n&rsquo;est plus le m\u00eame que lorsqu&rsquo;il \u00e9tait dans la pays de sa famille. Il a \u00e9t\u00e9 beaucoup en mouvement. S&rsquo;il n&rsquo;\u00e9tait pas parti, sa vie int\u00e9rieure n&rsquo;aurait pas pris cette ampleur.<\/p>\n\n\n\n<p>Nous sommes tous amen\u00e9s \u00e0 partir nous aussi. Partir pour revenir. Et quand nous revenons nous sommes autre. Nous ne revenons jamais indemne d&rsquo;o\u00f9 nous avons construit de nous m\u00eame. C&rsquo;est ce qui fait que nous \u00e9voluons. Il n&rsquo;y a point de paradoxe de se mettre en mouvement pour mieux se d\u00e9couvrir et mieux se construire. Mais nous ne faisons pas que nous construire. A notre tour nous pouvons participer \u00e0 la construction d&rsquo;une autre personne. En effet, d&rsquo;une mani\u00e8re cyclique, nous reproduisons ce qui pr\u00e9c\u00e9demment nous a \u00e9t\u00e9 b\u00e9n\u00e9fique. En cela que nos prog\u00e9nitures profitent de ce que nous leur transmettons, de la m\u00eame mani\u00e8re que nous avons profit\u00e9 de ce que nos parents nous ont transmis, et leurs parents pour eux-m\u00eame. Nous pourrions remonter aussi loin que possible. Nous rencontrerions s\u00fbrement Abraham, No\u00e9, et peut-\u00eatre m\u00eame avant eux Adam et \u00c8ve. Nous retrouverions toujours le m\u00eame ph\u00e9nom\u00e8ne de mise en mouvement, de construction et de transmission.<\/p>\n\n\n\n<p>Il est impossible \u00e0 l&rsquo;homme de se construire sans se mettre en mouvement et se retrouver face \u00e0 lui-m\u00eame. Il ne peut devenir lui-m\u00eame s&rsquo;il ne se d\u00e9couvre pas, en m\u00eame temps qu&rsquo;il d\u00e9couvre ce que sont les autres ailleurs que ce qu&rsquo;il a toujours connu. Il trouvera toujours les ressources pour devenir, s&rsquo;il accepte de changer, aussi bien de lieu qu&rsquo;au fond de lui. Il a besoin de se renouveler pour durer. Il a besoin de se renouveler pour maturer. Il a besoin d&rsquo;\u00e9tendre son champs de vision pour prendre de l&rsquo;ampleur dans son \u00eatre. S&rsquo;il ne change pas il ne peut rien transmettre. S&rsquo;il ne transmet rien, le cycle s&rsquo;interrompt avec lui.<\/p>\n\n\n\n<p>Partir c&rsquo;est grandir et se construire. Rester restreint consid\u00e9rablement la cognition et donc sa propre expansion int\u00e9rieure. L&rsquo;homme ne peut se construire sans se mettre en mouvement; c&rsquo;est ce qui le nourrit et favorise sa maturation. Il faut accepter l&rsquo;ailleurs pour se construire.<\/p>\n\n\n\n<p>Camille<\/p>\n","protected":false},"excerpt":{"rendered":"<p>Voil\u00e0 un beau paradoxe. Enfin, ce qui para\u00eet \u00eatre un paradoxe; mais en fait cela n&rsquo;en est pas. La Bible nous offre multiple textes pour nous guider ; tout particuli\u00e8rement dans notre qu\u00eate de sens. Dans l&rsquo;Ancien Testament d\u00e9j\u00e0, dans la Gen\u00e8se, il est question de d\u00e9part (Gn 3, 23). Un d\u00e9part oblig\u00e9, o\u00f9 l&rsquo;homme [&hellip;]<\/p>\n","protected":false},"author":1,"featured_media":0,"parent":0,"menu_order":0,"comment_status":"closed","ping_status":"closed","template":"","meta":{"footnotes":""},"class_list":["post-41","page","type-page","status-publish","hentry"],"_links":{"self":[{"href":"https:\/\/www.famfront.mzw.fr\/index.php?rest_route=\/wp\/v2\/pages\/41","targetHints":{"allow":["GET"]}}],"collection":[{"href":"https:\/\/www.famfront.mzw.fr\/index.php?rest_route=\/wp\/v2\/pages"}],"about":[{"href":"https:\/\/www.famfront.mzw.fr\/index.php?rest_route=\/wp\/v2\/types\/page"}],"author":[{"embeddable":true,"href":"https:\/\/www.famfront.mzw.fr\/index.php?rest_route=\/wp\/v2\/users\/1"}],"replies":[{"embeddable":true,"href":"https:\/\/www.famfront.mzw.fr\/index.php?rest_route=%2Fwp%2Fv2%2Fcomments&post=41"}],"version-history":[{"count":3,"href":"https:\/\/www.famfront.mzw.fr\/index.php?rest_route=\/wp\/v2\/pages\/41\/revisions"}],"predecessor-version":[{"id":286,"href":"https:\/\/www.famfront.mzw.fr\/index.php?rest_route=\/wp\/v2\/pages\/41\/revisions\/286"}],"wp:attachment":[{"href":"https:\/\/www.famfront.mzw.fr\/index.php?rest_route=%2Fwp%2Fv2%2Fmedia&parent=41"}],"curies":[{"name":"wp","href":"https:\/\/api.w.org\/{rel}","templated":true}]}}