{"id":121,"date":"2019-11-06T16:19:16","date_gmt":"2019-11-06T15:19:16","guid":{"rendered":"https:\/\/www.famfront.mzw.fr\/?page_id=121"},"modified":"2019-11-06T16:19:16","modified_gmt":"2019-11-06T15:19:16","slug":"evangile-du-jour","status":"publish","type":"page","link":"https:\/\/www.famfront.mzw.fr\/?page_id=121","title":{"rendered":"\u00c9vangile du jour"},"content":{"rendered":"\n\n\t\t<div class=\"zoneRSS\">\n\t\t\t<h3 class=\"titre-entete\">-: &Eacute;vangile du Vendredi 10 Avril 2026 :-<\/h3>\n\t\t<div class=\"liens-flux\"><div class=\"rss-post\"><a href=\"\" target=\"_blank\" title=\"\" ><\/a><h2>\u00c9vangile\u00a0: \u00ab J\u00e9sus s\u2019approche ; il prend le pain et le leur donne ; et de m\u00eame pour le poisson \u00bb (Jn 21, 1-14)<\/h2><br \/>\n    <p>Acclamation\u00a0: (Ps 117, 24)<\/p>\n    <p><strong>All\u00e9luia. All\u00e9luia.<\/strong><br \/>\nVoici le jour que fit le Seigneur,<br \/>\nqu\u2019il soit pour nous jour de f\u00eate et de joie !<br \/><strong>All\u00e9luia.<\/strong><\/p>\n    <p>\u00c9vangile de J\u00e9sus Christ selon saint Jean<\/p>\n    <p>En ce temps-l\u00e0,<br \/>\nJ\u00e9sus se manifesta encore aux disciples<br \/>\nsur le bord de la mer de Tib\u00e9riade, et voici comment.<br \/>\nIl y avait l\u00e0, ensemble, Simon-Pierre,<br \/>\navec Thomas, appel\u00e9 Didyme (c\u2019est-\u00e0-dire Jumeau),<br \/>\nNathana\u00ebl, de Cana de Galil\u00e9e,<br \/>\nles fils de Z\u00e9b\u00e9d\u00e9e,<br \/>\net deux autres de ses disciples.<br \/>\nSimon-Pierre leur dit :<br \/>\n\u00ab Je m\u2019en vais \u00e0 la p\u00eache. \u00bb<br \/>\nIls lui r\u00e9pondent :<br \/>\n\u00ab Nous aussi, nous allons avec toi. \u00bb<br \/>\nIls partirent et mont\u00e8rent dans la barque ;<br \/>\nor, cette nuit-l\u00e0, ils ne prirent rien.<br \/>\nAu lever du jour, J\u00e9sus se tenait sur le rivage,<br \/>\nmais les disciples ne savaient pas que c\u2019\u00e9tait lui.<br \/>\nJ\u00e9sus leur dit :<br \/>\n\u00ab Les enfants,<br \/>\nauriez-vous quelque chose \u00e0 manger ? \u00bb<br \/>\nIls lui r\u00e9pondirent :<br \/>\n\u00ab Non. \u00bb<br \/>\nIl leur dit :<br \/>\n\u00ab Jetez le filet \u00e0 droite de la barque,<br \/>\net vous trouverez. \u00bb<br \/>\nIls jet\u00e8rent donc le filet,<br \/>\net cette fois ils n\u2019arrivaient pas \u00e0 le tirer,<br \/>\ntellement il y avait de poissons.<br \/>\nAlors, le disciple que J\u00e9sus aimait<br \/>\ndit \u00e0 Pierre :<br \/>\n\u00ab C\u2019est le Seigneur ! \u00bb<br \/>\nQuand Simon-Pierre entendit que c\u2019\u00e9tait le Seigneur,<br \/>\nil passa un v\u00eatement,<br \/>\ncar il n\u2019avait rien sur lui,<br \/>\net il se jeta \u00e0 l\u2019eau.<br \/>\nLes autres disciples arriv\u00e8rent en barque,<br \/>\ntra\u00eenant le filet plein de poissons ;<br \/>\nla terre n\u2019\u00e9tait qu\u2019\u00e0 une centaine de m\u00e8tres.<br \/>\nUne fois descendus \u00e0 terre,<br \/>\nils aper\u00e7oivent, dispos\u00e9 l\u00e0, un feu de braise<br \/>\navec du poisson pos\u00e9 dessus,<br \/>\net du pain.<br \/>\nJ\u00e9sus leur dit :<br \/>\n\u00ab Apportez donc de ces poissons<br \/>\nque vous venez de prendre. \u00bb<br \/>\nSimon-Pierre remonta<br \/>\net tira jusqu\u2019\u00e0 terre le filet plein de gros poissons :<br \/>\nil y en avait cent cinquante-trois.<br \/>\nEt, malgr\u00e9 cette quantit\u00e9, le filet ne s\u2019\u00e9tait pas d\u00e9chir\u00e9.<br \/>\nJ\u00e9sus leur dit alors :<br \/>\n\u00ab Venez manger. \u00bb<br \/>\nAucun des disciples n\u2019osait lui demander :<br \/>\n\u00ab Qui es-tu ? \u00bb<br \/>\nIls savaient que c\u2019\u00e9tait le Seigneur.<br \/>\nJ\u00e9sus s\u2019approche ;<br \/>\nil prend le pain<br \/>\net le leur donne ;<br \/>\net de m\u00eame pour le poisson.<\/p>\n\n<p>C\u2019\u00e9tait la troisi\u00e8me fois<br \/>\nque J\u00e9sus ressuscit\u00e9 d\u2019entre les morts<br \/>\nse manifestait \u00e0 ses disciples.<\/p>\n\n<p>\u2013 Acclamons la Parole de Dieu.<\/p><\/div><\/div><\/div>\n","protected":false},"excerpt":{"rendered":"","protected":false},"author":1,"featured_media":0,"parent":0,"menu_order":0,"comment_status":"closed","ping_status":"closed","template":"","meta":{"footnotes":""},"class_list":["post-121","page","type-page","status-publish","hentry"],"_links":{"self":[{"href":"https:\/\/www.famfront.mzw.fr\/index.php?rest_route=\/wp\/v2\/pages\/121","targetHints":{"allow":["GET"]}}],"collection":[{"href":"https:\/\/www.famfront.mzw.fr\/index.php?rest_route=\/wp\/v2\/pages"}],"about":[{"href":"https:\/\/www.famfront.mzw.fr\/index.php?rest_route=\/wp\/v2\/types\/page"}],"author":[{"embeddable":true,"href":"https:\/\/www.famfront.mzw.fr\/index.php?rest_route=\/wp\/v2\/users\/1"}],"replies":[{"embeddable":true,"href":"https:\/\/www.famfront.mzw.fr\/index.php?rest_route=%2Fwp%2Fv2%2Fcomments&post=121"}],"version-history":[{"count":1,"href":"https:\/\/www.famfront.mzw.fr\/index.php?rest_route=\/wp\/v2\/pages\/121\/revisions"}],"predecessor-version":[{"id":122,"href":"https:\/\/www.famfront.mzw.fr\/index.php?rest_route=\/wp\/v2\/pages\/121\/revisions\/122"}],"wp:attachment":[{"href":"https:\/\/www.famfront.mzw.fr\/index.php?rest_route=%2Fwp%2Fv2%2Fmedia&parent=121"}],"curies":[{"name":"wp","href":"https:\/\/api.w.org\/{rel}","templated":true}]}}